is the ten thousands digit of 37096237?
9
What is the hundred thousands digit of 400512763?
5
What is the units digit of 231218871?
1
What is the tens digit of 511487?
8
What is the ten millions digit of 284561318?
8
What is the ten millions digit of 1109705602?
0
What is the ten millions digit of 3316449979?
1
What is the ten thousands digit of 6604658?
0
What is the ten thousands digit of 15440547?
4
What is the units digit of 319502140?
0
What is the units digit of 314025406?
6
What is the tens digit of 749511656?
5
What is the hundreds digit of 423675793?
7
What is the tens digit of 379102780?
8
What is the units digit of 460319531?
1
What is the units digit of 21549434?
4
What is the ten thousands digit of 128070192?
7
What is the hundred thousands digit of 8581393?
5
What is the hundred millions digit of 300757222?
3
What is the millions digit of 2857552988?
7
What is the ten thousands digit of 306088215?
8
What is the millions digit of 1824722373?
4
What is the ten thousands digit of 2168279902?
7
What is the units digit of 2741076700?
0
What is the hundreds digit of 146264325?
3
What is the millions digit of 528047490?
8
What is the billions digit of 3571482500?
3
What is the tens digit of 38764966?
6
What is the millions digit of 216742764?
6
What is the ten millions digit of 33907197?
3
What is the units digit of 764591190?
0
What is the tens digit of 206107753?
5
What is the thousands digit of 652440407?
0
What is the thousands digit of 1217962777?
2
What is the hundreds digit of 13222884?
8
What is the ten millions digit of 58292599?
5
What is the hundred thousands digit of 108275547?
2
What is the millions digit of 3842890322?
2
What is the units digit of 999764417?
7
What is the hundreds digit of 285622852?
8
What is the units digit of 835103372?
2
What is the tens digit of 206107751?
5
What is the hundreds digit of 1632805803?
8
What is the millions digit of 280663267?
0
What is the units digit of 23711195?
5
What is the tens digit of 106686700?
0
What is the hundred thousands digit of 33967571?
9
What is the ten millions digit of 1156462332?
5
What is the hundreds digit of 373742574?
5
What is the units digit of 310992102?
2
What is the hundred millions digit of 913996219?
9
What is the tens digit of 338214199?
9
What is the tens digit of 20734649?
4
What is the hundreds digit of 59481756?
7
What is the tens digit of 159492958?
5
What is the ten thousands digit of 248355893?
5
What is the hundreds digit of 178049560?
5
What is the ten millions digit of 47294974?
4
What is the hundred thousands digit of 1044233363?
2
What is the ten thousands digit of 116033819?
3
What is the thousands digit of 172082521?
2
What is the hundreds digit of 166606871?
8
What is the units digit of 541229675?
5
What is the thousands digit of 75544752?
4
What is the hundreds digit of 692676202?
2
What is the units digit of 1376777094?
4
What is the ten thousands digit of 7023036?
2
What is the thousands digit of 88567136?
7
What is the ten millions digit of 3364753327?
6
What is the hundred millions digit of 757565074?
7
What is the millions digit of 45142937?
5
What is the tens digit of 282377053?
5
What is the ten millions digit of 179588216?
7
What is the millions digit of 805943956?
5
What is the millions digit of 71397945?
1
What is the units digit of 64358131?
1
What is the ten millions digit of 299617645?
9
What is the ten millions digit of 2654829356?
5
What is the units digit of 5177290130?
0
What is the units digit of 798184780?
0
What is the hundred millions digit of 3793031484?
7
What is the thousands digit of 40769227?
9
What is the hundreds digit of 257183277?
2
What is the hundred thousands digit of 178432039?
4
What is the tens digit of 465026334?
3
What is the ten millions digit of 64200549?
6
What is the ten thousands digit of 630872928?
7
What is the hundred millions digit of 566661268?
5
What is the tens digit of 357345111?
1
What is the units digit of 2810666793?
3
What is the hundreds digit of 39630687?
6
What is the hundred thousands digit of 4603778524?
7
What is the ten thousands digit of 293839622?
3
What is the thousands digit of 484012751?
2
What is the units digit of 204990472?
2
What is the hundred thousands digit of 21873413?
8
What is the units digit of 156141191?
1
What is the units digit of 1155894798?
8
What is the hundreds digit of 136878564?
5
What is the hundred thousands digit of 674943820?
9
What is the hundred thousands digit of 332996288?
9
What is the hundred thousands digit of 736982642?
9
What is the hundreds digit of 248863593?
5
What is the ten millions digit of 210159027?
1
What is the hundred thousands digit of 43607032?
6
What is the units digit of 406845186?
6
What is the thousands digit of 20054244?
4
What is the thousands digit of 2420556986?
6
What is the hundreds digit of 54173263?
2
What is the thousands digit of 328344758?
4
What is the hundred thousands digit of 331274590?
2
What is the ten millions digit of 349780270?
4
What is the hundreds digit of 86220870?
8
What is the tens digit of 24979345?
4
What is the ten thousands digit of 4371726749?
2
What is the hundreds digit of 799081673?
6
What is the tens digit of 350595683?
8
What is the millions digit of 3868787178?
8
What is the hundred thousands digit of 2055075234?
0
What is the tens digit of 325464597?
9
What is the hundred thousands digit of 4811929340?
9
What is the hundreds digit of 10447773?
7
What is the hundred thousands digit of 55841731?
8
What is the ten thousands digit of 953357147?
5
What is the tens digit of 1034684006?
0
What is the hundreds digit of 679205566?
5
What is the units digit of 200594711?
1
What is the ten millions digit of 293683253?
9
What is the units digit of 13089806?
6
What is the tens digit of 513503643?
4
What is the ten millions digit of 1508099803?
0
What is the tens digit of 142682653?
5
What is the tens digit of 107991266?
6
What is the ten thousands digit of 1351254452?
5
What is the hundred thousands digit of 74125493?
1
What is the tens digit of 58537165?
6
What is the ten millions digit of 535900589?
3
What is the millions digit of 1512088430?
2
What is the ten thousands digit of 318751405?
5
What is the ten millions digit of 154736519?
5
What is the hundreds digit of 109218369?
3
What is the thousands digit of 273016928?
6
What is the ten thousands digit of 664510647?
1
What is the tens digit of 185655901?
0
What is the ten thousands digit of 99673402?
7
What is the tens digit of 46867498?
9
What is the hundreds digit of 1494667696?
6
What is the hundred millions digit of 155738532?
1
What is the hundreds digit of 1372307368?
3
What is the hundred millions digit of 514905760?
5
What is the hundred thousands digit of 487998542?
9
What is the tens digit of 3209591200?
0
What is the tens digit of 888412500?
0
What is the ten thousands digit of 2129664471?
6
What is the ten millions digit of 86985641?
8
What is the millions digit of 4973666?
4
What is the hundreds digit of 63801584?
5
What is the ten thousands digit of 219385255?
8
What is the ten thousands digit of 35200955?
0
What is the units digit of 2250874136?
6
What is the hundreds digit of 6849069?
0
What is the hundred thousands digit of 17484143?
4
What is the millions digit of 1020316649?
0
What is the hundred millions digit of 801482538?
8
What is the hundreds digit of 223399474?
4
What is the billions digit of 2398886808?
2
What is the millions digit of 1993628799?
3
What is the ten millions digit of 64453543?
6
What is the hundred thousands digit of 42634128?
6
What is the millions digit of 23359515?
3
What is the units digit of 506620388?
8
What is the tens digit of 47610528?
2
What is the millions digit of 155428461?
5
What is the units digit of 54041193?
3
What is the thousands digit of 141076655?
6
What is the thousands digit of 39273335?
3
What is the hundreds digit of 93490436?
4
What is the tens digit of 133705597?
9
What is the hundreds digit of 4473293992?
9
What is the ten millions digit of 386840484?
8
What is the billions digit of 5554940247?
5
What is the millions digit of 77965143?
7
What is the tens digit of 643381867?
6
What is the hundred thousands digit of 1115078918?
0
What is the hundreds digit of 2637019074?
0
W